 the prime factors of 2460783.
3, 13, 63097
List the prime factors of 510384.
2, 3, 7, 31
What are the prime factors of 262467?
3, 9721
What are the prime factors of 318300?
2, 3, 5, 1061
What are the prime factors of 85169?
7, 23
List the prime factors of 1886198.
2, 157, 6007
List the prime factors of 550754.
2, 383, 719
List the prime factors of 17331580.
2, 5, 7, 43, 2879
List the prime factors of 6509658.
2, 3, 1084943
List the prime factors of 867852.
2, 3, 24107
List the prime factors of 380907.
3, 42323
List the prime factors of 977138.
2, 127, 3847
What are the prime factors of 753478?
2, 11, 29, 1181
What are the prime factors of 18180713?
18180713
What are the prime factors of 3758860?
2, 5, 7, 26849
What are the prime factors of 370434?
2, 3, 107, 577
What are the prime factors of 63333?
3, 31, 227
What are the prime factors of 153670?
2, 5, 11, 127
List the prime factors of 13789955.
5, 113, 24407
What are the prime factors of 20126439?
3, 997, 2243
List the prime factors of 13469.
13469
What are the prime factors of 860150?
2, 5, 17203
List the prime factors of 1197394.
2, 11, 37, 1471
What are the prime factors of 927805?
5, 97, 1913
What are the prime factors of 47005?
5, 7, 17, 79
List the prime factors of 4764169.
67, 211, 337
What are the prime factors of 140103?
3, 5189
List the prime factors of 34603.
34603
List the prime factors of 1619791.
1619791
List the prime factors of 8621091.
3, 17, 29, 67
What are the prime factors of 467560?
2, 5, 11689
List the prime factors of 170571.
3, 56857
What are the prime factors of 333134?
2, 166567
List the prime factors of 76543.
76543
What are the prime factors of 3637134?
2, 3, 202063
What are the prime factors of 27788?
2, 6947
What are the prime factors of 17532906?
2, 3, 43, 67957
What are the prime factors of 58826?
2, 67, 439
What are the prime factors of 282297?
3, 94099
List the prime factors of 12073488.
2, 3, 7, 35933
List the prime factors of 8148911.
8148911
List the prime factors of 1770361.
181, 9781
What are the prime factors of 129373?
53, 2441
List the prime factors of 41282.
2, 20641
What are the prime factors of 149084?
2, 13, 47, 61
What are the prime factors of 8557915?
5, 37, 167, 277
List the prime factors of 1088229.
3, 362743
What are the prime factors of 16944288?
2, 3, 176503
What are the prime factors of 145096?
2, 7, 2591
List the prime factors of 1270930.
2, 5, 73, 1741
List the prime factors of 3004114.
2, 1502057
List the prime factors of 8523811.
823, 10357
What are the prime factors of 205628?
2, 51407
List the prime factors of 1182005.
5, 11, 21491
What are the prime factors of 1507446?
2, 3, 83, 1009
What are the prime factors of 1340265?
3, 5, 199, 449
List the prime factors of 541828.
2, 7, 37, 523
What are the prime factors of 3134625?
3, 5, 13, 643
What are the prime factors of 734189?
734189
List the prime factors of 2168092.
2, 542023
List the prime factors of 17355049.
61, 284509
List the prime factors of 135058.
2, 7, 11, 877
List the prime factors of 1958408.
2, 229, 1069
List the prime factors of 3729421.
67, 55663
List the prime factors of 4228285.
5, 845657
List the prime factors of 17498452.
2, 101, 43313
What are the prime factors of 243873?
3, 7, 79
List the prime factors of 2659557.
3, 886519
List the prime factors of 12877675.
5, 53, 9719
List the prime factors of 390702.
2, 3, 13, 5009
List the prime factors of 28935.
3, 5, 643
List the prime factors of 810651.
3, 270217
What are the prime factors of 126305?
5, 25261
What are the prime factors of 1825140?
2, 3, 5, 19, 1601
List the prime factors of 111649.
311, 359
List the prime factors of 223588.
2, 55897
List the prime factors of 6884136.
2, 3, 7, 29, 157
What are the prime factors of 1176353?
1176353
What are the prime factors of 7231656?
2, 3, 301319
List the prime factors of 649410.
2, 3, 5, 21647
What are the prime factors of 9691865?
5, 1938373
List the prime factors of 118045.
5, 23609
List the prime factors of 5020647.
3, 23, 72763
List the prime factors of 908851.
908851
List the prime factors of 946443.
3, 315481
What are the prime factors of 3699695?
5, 31, 23869
What are the prime factors of 3076903?
3076903
What are the prime factors of 45460?
2, 5, 2273
List the prime factors of 2280291.
3, 13, 59, 991
What are the prime factors of 1528517?
31, 49307
List the prime factors of 11807.
11807
List the prime factors of 274824.
2, 3, 11, 347
What are the prime factors of 6290260?
2, 5, 314513
What are the prime factors of 328511?
328511
What are the prime factors of 1909034?
2, 954517
List the prime factors of 1486453.
29, 51257
List the prime factors of 6802708.
2, 11, 349, 443
What are the prime factors of 52405?
5, 47, 223
List the prime factors of 108369.
3, 12041
What are the prime factors of 671461?
7, 95923
List the prime factors of 581449.
11, 52859
List the prime factors of 109164.
2, 3, 11, 827
List the prime factors of 2053404.
2, 3, 19013
List the prime factors of 2548610.
2, 5, 43, 5927
List the prime factors of 2209617.
3, 245513
List the prime factors of 5845193.
5845193
What are the prime factors of 1327826?
2, 41, 16193
What are the prime factors of 165243?
3, 13, 19, 223
What are the prime factors of 432293?
17, 59, 431
List the prime factors of 3275915.
5, 103, 6361
What are the prime factors of 6601903?
7, 11, 83, 1033
List the prime factors of 25593784.
2, 3199223
What are the prime factors of 1504057?
1504057
What are the prime factors of 3439574?
2, 29, 31, 1913
List the prime factors of 433062.
2, 3, 7, 491
List the prime factors of 1365736.
2, 31, 5507
List the prime factors of 2124132.
2, 3, 177011
List the prime factors of 46136.
2, 73, 79
What are the prime factors of 10315696?
2, 644731
What are the prime factors of 33382233?
3, 43, 28753
What are the prime factors of 179047?
11, 41, 397
What are the prime factors of 111931?
173, 647
What are the prime factors of 1010607?
3, 13, 25913
List the prime factors of 19688050.
2, 5, 393761
What are the prime factors of 3485195?
5, 7, 99577
List the prime factors of 706558.
2, 149, 2371
What are the prime factors of 1167393?
3, 41, 9491
List the prime factors of 97455.
3, 5, 73, 89
List the prime factors of 17310176.
2, 13, 41611
List the prime factors of 829093.
829093
What are the prime factors of 372166?
2, 53, 3511
What are the prime factors of 115062?
2, 3, 127, 151
What are the prime factors of 297689?
7, 23, 43
List the prime factors of 8440151.
173, 48787
What are the prime factors of 189078?
2, 3, 31513
List the prime factors of 1881646.
2, 13, 19, 293
List the prime factors of 1348702.
2, 571, 1181
What are the prime factors of 1101103?
1101103
What are the prime factors of 168760?
2, 5, 4219
List the prime factors of 243609.
3, 81203
What are the prime factors of 1340811?
3, 19, 7841
What are the prime factors of 7647115?
5, 7, 41, 73
List the prime factors of 2323875.
3, 5, 6197
List the prime factors of 1926395.
5, 385279
What are the prime factors of 4680933?
3, 17, 5399
What are the prime factors of 1343636?
2, 7, 47, 1021
List the prime factors of 10148087.
10148087
What are the prime factors of 81886?
2, 7, 5849
List the prime factors of 3199.
7, 457
List the prime factors of 96344.
2, 12043
List the prime factors of 3369556.
2, 263, 3203
List the prime factors of 96324.
2, 3, 23, 349
What are the prime factors of 328091?
71, 4621
List the prime factors of 338827.
17, 19, 1049
What are the prime factors of 209275?
5, 11, 761
List the prime factors of 2306064.
2, 3, 107, 449
What are the prime factors of 230305?
5, 46061
List the prime factors of 1842957.
3, 193, 1061
List the prime factors of 6100942.
2, 199, 15329
List the prime factors of 275284.
2, 68821
List the prime factors of 1047760.
2, 5, 7, 1871
List the prime factors of 10020744.
2, 3, 139177
What are the prime factors of 184657?
11, 16787
List the prime factors of 2914779.
3, 7, 138799
What are the prime factors of 1139367?
3, 587, 647
List the prime factors of 12136415.
5, 1549, 1567
What are the prime factors of 6438495?
3, 5, 7, 17, 3607
What are the prime factors of 10363932?
2, 3, 287887
What are the prime factors of 209257?
209257
What are the prime factors of 3577776?
2, 3, 19, 3923
List the prime factors of 4